ided by 46.
31
What is the remainder when 663 is divided by 35?
33
Calculate the remainder when 142 is divided by 49.
44
Calculate the remainder when 2225 is divided by 443.
10
What is the remainder when 1827 is divided by 18?
9
What is the remainder when 182 is divided by 33?
17
What is the remainder when 191 is divided by 60?
11
What is the remainder when 111 is divided by 105?
6
Calculate the remainder when 516 is divided by 54.
30
What is the remainder when 121 is divided by 81?
40
What is the remainder when 350 is divided by 3?
2
Calculate the remainder when 131 is divided by 44.
43
Calculate the remainder when 82 is divided by 40.
2
Calculate the remainder when 268 is divided by 68.
64
What is the remainder when 1475 is divided by 43?
13
Calculate the remainder when 7049 is divided by 47.
46
Calculate the remainder when 17 is divided by 15.
2
Calculate the remainder when 108 is divided by 8.
4
What is the remainder when 202 is divided by 174?
28
Calculate the remainder when 263 is divided by 232.
31
Calculate the remainder when 145 is divided by 40.
25
What is the remainder when 22762 is divided by 157?
154
What is the remainder when 51 is divided by 37?
14
What is the remainder when 3526 is divided by 1760?
6
Calculate the remainder when 12579 is divided by 170.
169
Calculate the remainder when 67 is divided by 12.
7
Calculate the remainder when 572 is divided by 9.
5
What is the remainder when 120 is divided by 55?
10
What is the remainder when 350 is divided by 11?
9
What is the remainder when 32 is divided by 18?
14
What is the remainder when 184 is divided by 37?
36
Calculate the remainder when 14 is divided by 1.
0
What is the remainder when 93 is divided by 42?
9
What is the remainder when 578 is divided by 116?
114
What is the remainder when 445 is divided by 145?
10
What is the remainder when 354 is divided by 69?
9
What is the remainder when 138 is divided by 127?
11
Calculate the remainder when 13981 is divided by 32.
29
Calculate the remainder when 33 is divided by 17.
16
Calculate the remainder when 3433 is divided by 15.
13
Calculate the remainder when 4919 is divided by 40.
39
Calculate the remainder when 185 is divided by 6.
5
Calculate the remainder when 61 is divided by 5.
1
What is the remainder when 961 is divided by 48?
1
Calculate the remainder when 316 is divided by 92.
40
Calculate the remainder when 35 is divided by 30.
5
Calculate the remainder when 246 is divided by 38.
18
What is the remainder when 90 is divided by 71?
19
Calculate the remainder when 779 is divided by 779.
0
Calculate the remainder when 1351 is divided by 445.
16
Calculate the remainder when 31 is divided by 3.
1
What is the remainder when 3274 is divided by 113?
110
Calculate the remainder when 186 is divided by 51.
33
What is the remainder when 117 is divided by 20?
17
Calculate the remainder when 283 is divided by 1.
0
What is the remainder when 117 is divided by 26?
13
What is the remainder when 373 is divided by 34?
33
Calculate the remainder when 225 is divided by 50.
25
Calculate the remainder when 854 is divided by 127.
92
Calculate the remainder when 2366 is divided by 118.
6
Calculate the remainder when 957 is divided by 16.
13
Calculate the remainder when 260 is divided by 29.
28
What is the remainder when 4277 is divided by 40?
37
Calculate the remainder when 1554 is divided by 4.
2
Calculate the remainder when 362 is divided by 52.
50
Calculate the remainder when 479 is divided by 32.
31
Calculate the remainder when 10 is divided by 6.
4
Calculate the remainder when 204 is divided by 20.
4
Calculate the remainder when 1395 is divided by 1326.
69
What is the remainder when 39791 is divided by 8?
7
What is the remainder when 309 is divided by 81?
66
What is the remainder when 162 is divided by 105?
57
Calculate the remainder when 61 is divided by 8.
5
What is the remainder when 1631 is divided by 19?
16
Calculate the remainder when 166 is divided by 34.
30
Calculate the remainder when 237 is divided by 224.
13
Calculate the remainder when 132 is divided by 75.
57
What is the remainder when 419 is divided by 70?
69
Calculate the remainder when 415 is divided by 394.
21
Calculate the remainder when 2727 is divided by 15.
12
Calculate the remainder when 3426 is divided by 82.
64
What is the remainder when 2396 is divided by 17?
16
Calculate the remainder when 3974 is divided by 23.
18
What is the remainder when 1976 is divided by 58?
4
What is the remainder when 77 is divided by 23?
8
What is the remainder when 3940 is divided by 3?
1
Calculate the remainder when 2015 is divided by 671.
2
Calculate the remainder when 38 is divided by 22.
16
What is the remainder when 134 is divided by 6?
2
Calculate the remainder when 108 is divided by 22.
20
Calculate the remainder when 128 is divided by 68.
60
Calculate the remainder when 3 is divided by 2.
1
What is the remainder when 157 is divided by 22?
3
Calculate the remainder when 2206 is divided by 47.
44
Calculate the remainder when 148 is divided by 88.
60
What is the remainder when 89 is divided by 55?
34
What is the remainder when 4215 is divided by 2101?
13
What is the remainder when 330 is divided by 187?
143
Calculate the remainder when 1985 is divided by 990.
5
Calculate the remainder when 15694 is divided by 3137.
9
Calculate the remainder when 5023 is divided by 7.
4
What is the remainder when 396 is divided by 50?
46
What is the remainder when 777 is divided by 30?
27
What is the remainder when 1265 is divided by 141?
137
Calculate the remainder when 2754 is divided by 212.
210
Calculate the remainder when 32 is divided by 18.
14
What is the remainder when 127 is divided by 32?
31
What is the remainder when 155 is divided by 8?
3
What is the remainder when 7586 is divided by 115?
111
What is the remainder when 674 is divided by 53?
38
What is the remainder when 449 is divided by 134?
47
What is the remainder when 20784 is divided by 169?
166
What is the remainder when 23572 is divided by 205?
202
Calculate the remainder when 310 is divided by 12.
10
Calculate the remainder when 658 is divided by 22.
20
What is the remainder when 22 is divided by 7?
1
Calculate the remainder when 122 is divided by 58.
6
What is the remainder when 317 is divided by 106?
105
Calculate the remainder when 418 is divided by 39.
28
Calculate the remainder when 415 is divided by 38.
35
Calculate the remainder when 8255 is divided by 4121.
13
What is the remainder when 421 is divided by 94?
45
What is the remainder when 49334 is divided by 143?
142
What is the remainder when 591 is divided by 42?
3
Calculate the remainder when 911 is divided by 465.
446
Calculate the remainder when 275 is divided by 202.
73
What is the remainder when 311 is divided by 280?
31
Calculate the remainder when 187 is divided by 9.
7
What is the remainder when 58 is divided by 28?
2
What is the remainder when 6071 is divided by 75?
71
Calculate the remainder when 44421 is divided by 24.
21
Calculate the remainder when 642 is divided by 35.
12
What is the remainder when 3850 is divided by 94?
90
Calculate the remainder when 1043 is divided by 229.
127
Calculate the remainder when 59 is divided by 11.
4
What is the remainder when 237 is divided by 68?
33
Calculate the remainder when 557 is divided by 43.
41
What is the remainder when 82 is divided by 19?
6
What is the remainder when 324 is divided by 28?
16
What is the remainder when 71 is divided by 25?
21
Calculate the remainder when 354 is divided by 38.
12
What is the remainder when 22 is divided by 12?
10
Calculate the remainder when 637 is divided by 317.
3
Calculate the remainder when 122 is divided by 49.
24
What is the remainder when 1762 is divided by 61?
54
Calculate the remainder when 771 is divided by 160.
131
Calculate the remainder when 160 is divided by 145.
15
What is the remainder when 311 is divided by 133?
45
What is the remainder when 4562 is divided by 55?
52
Calculate the remainder when 754 is divided by 311.
132
What is the remainder when 244 is divided by 141?
103
Calculate the remainder when 2169 is divided by 95.
79
What is the remainder when 167 is divided by 21?
20
What is the remainder when 392 is divided by 45?
32
What is the remainder when 721 is